 (9 + 0 - (7 + -1)) + 2?
5
Evaluate -11 + 10 - (-2 + 6).
-5
(1 + -3 - 1) + -1
-4
Calculate 4 + -10 + 1 + 1 + 1.
-3
What is the value of (0 - (-5 + 4)) + -4 + 5?
2
Evaluate -1 + (8 - 7) + (0 - -2).
2
Calculate 5 + (-8 - -5) - -3.
5
(5 - 9) + 4 + 7 + -6
1
What is 7 + -2 + (-2 - -1)?
4
What is the value of 2 + -4 - (-4 + 3 - 2)?
1
Calculate -16 - -13 - (-3 - 0).
0
(-6 - -15 - 5) + -4
0
What is the value of -4 + 7 + -2 + 1?
2
(-2 + -5 - -5) + 1 + -4
-5
What is (-1 - -1 - -1) + (2 - -1)?
4
Evaluate (4 + 3 - 5) + -4.
-2
(-1 - -9) + -13 + -1 + 12
6
What is -7 - (0 - (13 + -4))?
2
What is 1 + (0 + 0 - 2) + -3?
-4
Calculate (1 - -1) + (-17 - -15 - -1).
1
10 - (0 - -4) - 11
-5
What is 3 + 1 + -10 + -1?
-7
Calculate 1 - (4 - 7) - (5 + 0).
-1
Calculate (7 + -15 - -5) + (0 - -1).
-2
(0 - (-1 - 0)) + (38 - 33)
6
What is (-11 - -10) + 8 - 1?
6
Calculate 0 - (-1 - 3 - -7).
-3
Calculate 6 + 2 + -1 - (-21 + 28).
0
What is the value of -2 + 0 + 2 - (-5 - -5)?
0
What is (2 - -9) + (-4 - 0)?
7
Evaluate (-2 - 1) + 3 + 4 + -3.
1
What is -9 + 0 + 6 + -2?
-5
Calculate 0 + 4 - (3 - 4).
5
What is -2 + 9 - 1 - (4 + -3)?
5
Calculate ((7 - 2) + -3 - -2) + 0.
4
What is (3 - -2) + -8 - -2?
-1
Calculate (-8 - -32) + -1 + -14.
9
-1 - 0 - (38 - 48)
9
What is 3 + (-7 - -10) + -6 + -2?
-2
What is -4 + 5 + 1 + -2 + -2?
-2
What is -4 + 1 + 46 + -50?
-7
Evaluate -14 + (-8 - -17) - (-10 - -1).
4
What is -6 - (-13 - (-6 - -1))?
2
What is (-19 - -28) + -1 + 0 - 14?
-6
Evaluate (7 - 4) + -5 + 6.
4
Calculate -1 + 0 + (0 - -10) + -4.
5
What is the value of 3 + -1 + (-1 - -1) + 1?
3
What is the value of -2 - -3 - (5 + -7)?
3
What is -3 + (-12 - -9) + 3 + -1?
-4
Evaluate -4 - -2 - (2 - 4 - 0).
0
-5 - 1 - (1 + (-9 - -3))
-1
Evaluate -6 - (-2 - -4 - 2).
-6
-1 + -3 - (-2 - -1)
-3
6 - -2 - 9 - -1
0
-9 + (2 - -19) + -21
-9
(4 - 5) + -1 + 2 + 1
1
What is the value of (-12 - -22) + -8 + 3?
5
What is the value of (6 + -3 - 3) + 2 - 4?
-2
Evaluate (0 - (-2 + -5)) + -3.
4
Evaluate -5 + 6 - -7 - 1.
7
Calculate -3 - (6 + -2 - 3).
-4
(-8 - -1) + 10 + 1
4
What is the value of 4 + -6 - -4 - (-8 - -7)?
3
What is the value of 9 - 4 - (16 - 10)?
-1
Evaluate 6 + 3 + -7 + 1.
3
What is 3 - (4 - (3 + 2))?
4
What is 9 + (-27 - -11) + (2 - -1)?
-4
What is the value of (-2 - 4 - -19) + -6?
7
What is 0 + -5 + 2 - -1 - -5?
3
What is the value of (-13 - -9) + (2 - 1) - -4?
1
Evaluate -5 + 6 - 4 - (0 - 4).
1
What is the value of 19 + -29 + 6 + -1?
-5
Calculate -2 + 1 + -8 + 7 + 2.
0
Calculate (-1 - -1) + -4 - -9.
5
0 + 2 - (-17 + 19)
0
Calculate (-4 - -4) + 3 - 5.
-2
Calculate 4 - 1 - (6 + 1) - -1.
-3
Evaluate -77 - -70 - (1 - (2 + 0)).
-6
(-44 - -45) + (-2 - -6)
5
Calculate 3 - (3 - 1 - 4).
5
Calculate (-1 - 0) + 6 + -7 - 3.
-5
What is the value of 0 - (-2 + -1) - -1?
4
What is -1 - (0 + 1 + -9) - 6?
1
Evaluate (-7 - -4) + (0 - -4) - -2.
3
What is -2 - (4 + -6 + 2)?
-2
What is (-3 - (-1 - 5)) + 4?
7
1 + 6 + -9 + -2
-4
0 - (-6 + (6 - (5 - 4)))
1
10 - 2 - (-33 + 46)
-5
0 + (3 - 3) + -5 - -13
8
What is the value of (-1 + 1 - 7) + 4?
-3
What is -1 - -2 - (-3 + 6 + -3)?
1
What is 0 - 0 - (2 - 3 - -5)?
-4
Calculate -1 + 0 + 0 + 0.
-1
Calculate 17 - 18 - (-2 - (-1 + 5)).
5
Evaluate -12 + 21 - (6 + 0).
3
What is -11 - (6 - 0 - 10)?
-7
-1 - 3 - (43 - 48)
1
Evaluate -1 + (1 - (-3 - 0)).
3
Calculate (-12 - -9) + 0 + 2 + 1.
0
Evaluate (10 - (-3 - -4)) + -6.
3
Calculate 1 + -2 + (-3 - (-4 - -3)).
-3
What is the value of 1 - 3 - 2 - (-20 - -18)?
-2
What is -4 + (1 - (-7 + 3)) - 3?
-2
What is the value of (1 - 1) + -10 + (-13 - -17)?
-6
What is -3 - -1 - (-14 - (-19 - -2))?
-5
(2 - 3) + 4 - (112 + -114)
5
-28 - -38 - (8 + 1)
1
(4 - 3 - 0) + -1
0
What is 3 + 5 + -1 + -5 + 5?
7
What is -1 + -2 - (-40 + 39)?
-2
What is 5 + -5 - (-24 - -23)?
1
What is (-1 - -1) + (14 - 10) - 8?
-4
What is the value of 7 + (-8 + 4 - 0)?
3
-3 - (6 + -4 + 4 - 3)
-6
What is -4 + 0 + (28 - 20)?
4
Evaluate -5 + (-1 - -4) - (1 - -2).
-5
(1 + 0 - (2 + 3)) + 2
-2
What is the value of -1 + (-6 - -6) - -10?
9
What is -2 - -1 - (-4 - (-8 + 4))?
-1
5 - 6 - (-15 + 9)
5
What is 3 - -1 - (10 + -10 + 8)?
-4
What is the value of 9 + -20 + 8 + -2?
-5
Calculate -7 + 22 - 5 - 4 - 7.
-1
Evaluate (6 - 5 - -11) + -15.
-3
Evaluate -2 + 4 + -17 + 20.
5
Calculate 1 + 9 + -7 + -5.
-2
What is -7 + (5 - 4) + 2?
-4
What is 1 + -4 + 6 + -6 - 7?
-10
Calculate (6 - 2) + 2 - (23 + -20).
3
Calculate -6 + 13 + 7 + -8.
6
-6 + (9 - 15 - (0 - 16))
4
What is the value of -4 + (-5 - (-8 + 4))?
-5
Calculate 3 + -3 + -5 + 1 + 0.
-4
What is (-9 - -3) + 8 - (-1 + -1)?
4
Calculate -3 - (-7 + 3) - 3 - 3.
-5
-3 + 0 + (12 - (8 - 0))
1
-20 + (20 - 14) - (-1 + -6)
-7
Evaluate 0 + 15 + (-11 - 0).
4
(0 - (-16 + 10)) + -4
2
What is the value of (2 - 3 - (-1 - 0)) + 4?
4
What is -3 + 7 - (31 - 24)?
-3
Evaluate (1 + -5 + 3 - 2) + 2.
-1
Calculate -13 - (5 - 25) - (11 - 0).
-4
Calculate (-20 - -4 - 2) + 9.
-9
Evaluate 1 - -8 - (-30 + 35).
4
Evaluate (-1 - -4) + (3 - 4 - -4).
6
Evaluate (-12 - -8) + (5 - 2).
-1
Calculate -9 - (5 - 7) - -4.
-3
Evaluate (9 - 16) + (-2 - (-16 + -1)).
8
Calculate (3 + -4 - 1) + -3.
-5
Calculate -4 - (16 - 6 - 8).
-6
0 + -10 + -3 + -30 + 34
-9
Evaluate (8 - 10) + 4 + -6 + 2.
-2
-2 + 1 - -10 - 4
5
Evaluate 0 + 4 + (26 - 24).
6
Calculate -2 + -5 + 0 - (55 - 56).
-6
1 + 3 + 3 + -9
-2
Evaluate -5 + 11 + -12 + 5 + 0.
-1
Evaluate (-6 - 1) + 2 + 8.
3
Calculate (3 - (0 - 4)) + -2.
5
Evaluate 62 - 57 - (0 - (0 + -6)).
-1
Evaluate -2 - (3 - (-4 + 3) - 1).
-5
Evaluate -1 - (3 + 2 + -4).
-2
4 + (-6 - (-3 + 2))
-1
Evaluate 5 + (0 - (2 + 3 + -4)).
4
What is the value of (31 + -24 - (0 - -4)) + 2?
5
Evaluate (1 - -6) + (9 - (14 - 0)).
2
Evaluate 11 + (22 - 14) + -10.
9
Calculate -2 + (3 - -2) + -1.
2
What is the value of 2 - (-5 + (22 - 5))?
-10
-1 + -1 - -1 - (7 - 5)
-3
What is the value of 43 + -38 + (0 - 4) + -1?
0
Calculate 1 - -1 - (-198 + 192).
8
Evaluate 0 - (-8 - -19 - 6).
-5
What is -6 - 0 - -9 - 9?
-6
Calculate (1 - 7) + -5 + 6.
-5
(1 - 6) + -10 + 9 + 6
0
Calculate -3 + (-1 - (-4 + 1)).
-1
What is the value of 6 + (-7 + 2 - -4)?
5
What is (2 - 5) + 3 + -4?
-4
Evaluate (0 - 2 - -5 - 4) + -3.
-4
Evaluate (4 + -15 - -5) + (-6 - -14).
2
Calculate 2 + -7 + 5 + -4 + 3.
-1
Calculate 0 - 3 - (1 + -7 + 5).
-2
Evaluate (12 - (2 - -6)) + -7.
-3
What is the value of (2 - (-8 - -15 - 4)) + 9?
8
What is 1 + 0 + 137 + -136?
2
What is 6 - (3 + -1 + 1)?
3
Calculate -7 + 3 - (-23 + 15).
4
Evaluate 3 - (6 - 4) - -3.
4
Evaluate -2 + (0 - -2) + -4.
-4
What is the value of -7 + (9 - 9) + 7?
0
What is the value of (3 + 19 - 11) + -4?
7
(-4 - -4) + 2 + -2 - 5
-5
What is the value of (9 - 19 - 0) + 6?
-4
-67 + 76 - (-1 + (6 - 2))
6
Evaluate 17 - 10 - (-3 - -9).
1
Calculate 1 - (3 + (6 - (0 + 12))).
4
What is 3 + -2 + (4 - 3 - 5)?
-3
Calculate 1 - 2 - (6 - 2 - 1).
-4
-4 + 5 + (-1 - -1) - 4
-3
Calculate 4 - (5 - 5) - (8 - -2).
-6
What is the value of 14 - 9 - -5 - 15?
-5
What is 11 + -1 + 0 - 8?
2
What is the value of -9 + (-6 - -16) - -8?
9
What is the value of 2 + 10 + -4 + (-1 - 3)?
4
7 + -2 + 0 + (49 - 51)
3
Calculate (-105 - -103) + (1 + 0 - 1).
-2
What is the value of (-4 - (-2 - 8)) + -11 + 11?
6
What is -14 + (0 - (7 - 14)) - -8?
1
-4 + 7 + 2 + (-3 - -2)
4
What is 9 + (-7 + 0 - 3)?
-1
Evaluate 7 - (0 + 0 + 3).
4
What is the value of (-9 - -7 - 5) + -11 + 8?
-10
5 + 6 + -11 + 8
8
What is (1 - 1) + 2 + -5?
-3
Evaluate -2 - (-3 - -14) - -8.
-5
What is (-1 - -8) + 1 + -1 - 2?
5
Evaluate -3 - (6 - 4 - 2).
-3
What is 3 + -1 + (1 - -3 - 6)?
0
Calculate 2 - ((0 - 1) + -2 + 2).
3
Calculate -10 - -1 - (-10 - -1).
0
Calculate 5 - (-7 - -15) - -3.
0
Calculate (-2 - 3) + -1 + 3.
-3
0 + 5 - (10 + -6)
1
Evaluate 1 + 4 + -3 + 3 - 5.
0
-3 - (7 + (-13 - -7))
-4
(-8 + -6 - -11) + -5
-8
Evaluate 2 + -2 + (1 - -2).
3
What is -5 + (4 - 3) + 3?
-1
What is the value of 5 + (-7 - -6) + 1?
5
Calculate -2 + 0 + -14 + 17.
1
(-8 - -7) + -2 + 0
-3
Calculate 0 + 3 + 0 + -1.
2
What is the value of -1 + 4 - (-1 + -1 + 6)?
-1
What is the value of -11 - (-8 + -4) - 10?
-9
Evaluate -5 - (-16 + -2 - -13).
0
Evaluate -1 - 0 - 2 - (-17 - -10).
4
2 + 1 + -17 + (-5 - -18)
-1
Calculate -5 + 1 + (0 + 4 - 1).
-1
What is the value of -3 + -2 + 3 + 6?
4
What is (2 - -1) + (-3 - (0 + 0))?
0
What is the value of (2 + 0 - (-4 - -8)) + 3?
1
What is th